
0
What is the hundreds digit of 1364280137?
1
What is the hundred thousands digit of 681142015?
1
What is the millions digit of 251487860?
1
What is the hundred millions digit of 359205613?
3
What is the ten millions digit of 81762236?
8
What is the units digit of 122370219?
9
What is the thousands digit of 112652136?
2
What is the hundred thousands digit of 29665800?
6
What is the ten thousands digit of 2773808965?
0
What is the hundred thousands digit of 33326805?
3
What is the ten thousands digit of 236115621?
1
What is the hundred thousands digit of 242351291?
3
What is the units digit of 18516542?
2
What is the ten millions digit of 83226521?
8
What is the hundred millions digit of 450841889?
4
What is the hundred thousands digit of 27914715?
9
What is the hundreds digit of 2125268170?
1
What is the millions digit of 439595042?
9
What is the ten millions digit of 501331485?
0
What is the billions digit of 2217377685?
2
What is the units digit of 214667318?
8
What is the hundred thousands digit of 173716598?
7
What is the thousands digit of 118682042?
2
What is the hundreds digit of 219055530?
5
What is the ten thousands digit of 160654103?
5
What is the tens digit of 71147322?
2
What is the units digit of 622604775?
5
What is the thousands digit of 63490124?
0
What is the units digit of 50159069?
9
What is the hundred millions digit of 1453469555?
4
What is the ten thousands digit of 9965891?
6
What is the ten thousands digit of 194681916?
8
What is the millions digit of 326622483?
6
What is the units digit of 3012611?
1
What is the hundreds digit of 316724220?
2
What is the ten thousands digit of 40119696?
1
What is the ten thousands digit of 3874667?
7
What is the hundreds digit of 74839549?
5
What is the ten thousands digit of 166038420?
3
What is the billions digit of 6632805444?
6
What is the thousands digit of 31939896?
9
What is the hundred millions digit of 347876378?
3
What is the hundred thousands digit of 28951432?
9
What is the thousands digit of 68463398?
3
What is the units digit of 547192401?
1
What is the tens digit of 176367780?
8
What is the ten thousands digit of 957051376?
5
What is the ten millions digit of 243111200?
4
What is the thousands digit of 5665117?
5
What is the hundreds digit of 50815003?
0
What is the hundred millions digit of 128357641?
1
What is the ten millions digit of 58605783?
5
What is the tens digit of 1172007673?
7
What is the thousands digit of 2981718103?
8
What is the ten thousands digit of 40219015?
1
What is the millions digit of 48520474?
8
What is the units digit of 8923511?
1
What is the ten millions digit of 153093089?
5
What is the thousands digit of 103092560?
2
What is the tens digit of 222090947?
4
What is the thousands digit of 127772667?
2
What is the ten thousands digit of 76695074?
9
What is the thousands digit of 16820280?
0
What is the ten millions digit of 1088065113?
8
What is the thousands digit of 28837499?
7
What is the millions digit of 17098971?
7
What is the ten thousands digit of 396175183?
7
What is the millions digit of 27644530?
7
What is the hundred thousands digit of 447734550?
7
What is the hundred thousands digit of 50206987?
2
What is the hundreds digit of 870723597?
5
What is the thousands digit of 360554338?
4
What is the tens digit of 482649788?
8
What is the hundred millions digit of 2798145248?
7
What is the hundred thousands digit of 88228207?
2
What is the hundred millions digit of 139848790?
1
What is the hundreds digit of 29132315?
3
What is the hundred millions digit of 136018347?
1
What is the hundred millions digit of 170486989?
1
What is the units digit of 99388756?
6
What is the ten millions digit of 212802210?
1
What is the millions digit of 89741665?
9
What is the thousands digit of 142897984?
7
What is the hundreds digit of 150415790?
7
What is the thousands digit of 32892903?
2
What is the hundred millions digit of 2002455925?
0
What is the hundred thousands digit of 71221579?
2
What is the ten thousands digit of 2470514758?
1
What is the millions digit of 3507170126?
7
What is the thousands digit of 24351374?
1
What is the millions digit of 179553384?
9
What is the hundreds digit of 422319571?
5
What is the units digit of 44641265?
5
What is the hundred thousands digit of 7359708061?
7
What is the tens digit of 412054073?
7
What is the units digit of 8113604?
4
What is the billions digit of 1801074681?
1
What is the hundred thousands digit of 1196898895?
8
What is the ten millions digit of 2183993220?
8
What is the millions digit of 26166905?
6
What is the ten millions digit of 4199288446?
9
What is the hundred thousands digit of 1492173615?
1
What is the tens digit of 2462028409?
0
What is the hundreds digit of 2602570026?
0
What is the tens digit of 219342535?
3
What is the millions digit of 126931595?
6
What is the billions digit of 5690281071?
5
What is the hundred thousands digit of 734037325?
0
What is the ten millions digit of 164355584?
6
What is the hundred thousands digit of 25890609?
8
What is the ten millions digit of 255190560?
5
What is the hundreds digit of 70924035?
0
What is the thousands digit of 61793999?
3
What is the ten millions digit of 71819506?
7
What is the millions digit of 409431287?
9
What is the hundreds digit of 542801799?
7
What is the hundred thousands digit of 20418299?
4
What is the hundred thousands digit of 265307061?
3
What is the units digit of 204340470?
0
What is the thousands digit of 3664715785?
5
What is the tens digit of 104530436?
3
What is the hundreds digit of 8451773902?
9
What is the tens digit of 34917960?
6
What is the units digit of 1437531?
1
What is the hundred millions digit of 676775057?
6
What is the ten thousands digit of 43637321?
3
What is the billions digit of 4532612239?
4
What is the hundred millions digit of 352997553?
3
What is the millions digit of 1322723732?
2
What is the thousands digit of 881255876?
5
What is the thousands digit of 1865810718?
0
What is the millions digit of 114495394?
4
What is the hundred millions digit of 185336432?
1
What is the millions digit of 2960192265?
0
What is the ten millions digit of 5320858819?
2
What is the units digit of 3938261064?
4
What is the thousands digit of 707540477?
0
What is the ten millions digit of 22297468?
2
What is the hundreds digit of 46887355?
3
What is the tens digit of 104154022?
2
What is the units digit of 41074904?
4
What is the tens digit of 110654422?
2
What is the hundred thousands digit of 35259116?
2
What is the millions digit of 2409467790?
9
What is the hundred millions digit of 6128952210?
1
What is the hundreds digit of 53667435?
4
What is the ten thousands digit of 865476?
6
What is the ten millions digit of 23478765?
2
What is the units digit of 4585387274?
4
What is the ten thousands digit of 684121862?
2
What is the ten thousands digit of 531100297?
0
What is the ten millions digit of 38594063?
3
What is the hundred millions digit of 6544663986?
5
What is the units digit of 3829305361?
1
What is the ten thousands digit of 213719372?
1
What is the tens digit of 180830727?
2
What is the thousands digit of 28669734?
9
What is the ten thousands digit of 1223632580?
3
What is the hundred millions digit of 2038045120?
0
What is the hundred millions digit of 440616301?
4
What is the units digit of 3343017588?
8
What is the hundred thousands digit of 86260198?
2
What is the millions digit of 23449627?
3
What is the tens digit of 5015666979?
7
What is the units digit of 102917691?
1
What is the hundreds digit of 288552228?
2
What is the millions digit of 2947457322?
7
What is the units digit of 188727612?
2
What is the billions digit of 1188375134?
1
What is the hundreds digit of 58412244?
2
What is the ten millions digit of 3605965058?
0
What is the billions digit of 4822252210?
4
What is the millions digit of 65365469?
5
What is the hundred thousands digit of 270253897?
2
What is the millions digit of 94793539?
4
What is the ten thousands digit of 202372639?
7
What is the hundred thousands digit of 779565017?
5
What is the millions digit of 1328177441?
8
What is the billions digit of 5027495948?
5
What is the hundreds digit of 86347850?
8
What is the billions digit of 1344780510?
1
What is the millions d